.
5
Calculate (0 - -5) + -2 + (-133 - -129).
-1
Evaluate -9 - (1 - 3 - 1).
-6
What is the value of 3 - (1 + -5 - -6)?
1
(-8 + 7 - 1) + 5
3
Calculate 0 + -1 + 5 + 1.
5
What is -3 - -1 - (-1 + (5 - -2))?
-8
-3 + 8 - (-7 + 3 - -4)
5
What is the value of -4 - 0 - (1 + 3 - 5)?
-3
(-1 - 3) + 4 - 4 - 5
-9
What is the value of -5 + (-4 - -10) - (-2 + -1)?
4
What is the value of 0 - 1 - (-31 + 28)?
2
What is the value of (-5 - -8) + (0 - -2) + -4?
1
(6 - 8) + -7 - -12
3
What is -9 - -4 - (-5 - 0) - -7?
7
What is the value of 18 - (17 + -5 - -3)?
3
What is the value of (2 - 5) + 0 - 2 - 0?
-5
What is the value of 15 - 14 - (3 + 0)?
-2
What is 12 - (-4 - -8) - 4?
4
What is the value of (0 - 3 - 5) + 4?
-4
What is the value of 2 + 5 - (1 + (3 - 0))?
3
(1 - 6) + -7 + (21 - 8)
1
6 + (-2 - 19) + 11
-4
What is -15 + 6 + 6 + 0?
-3
(0 - 2) + -2 + 2
-2
Evaluate -4 - (7 + -4 - 4).
-3
(-8 - -12) + (-1 - -1)
4
(3 - -5 - 0) + -5
3
159 + -149 + (-9 - -1)
2
What is (3 - 0 - -3) + -18 - -6?
-6
What is 5 + -4 + -12 + 5 + 0?
-6
2 - (0 - 5) - -3
10
What is 4 - 4 - (3 + -4 + -3)?
4
Calculate -13 + 14 + -8 - (-8 + 2).
-1
What is -1 - (-20 + 12 - 1)?
8
Calculate -2 + -5 + 5 + 6.
4
What is the value of (-3 - (2 + -2)) + 0 + 3?
0
Evaluate -18 + 19 + (6 - 2).
5
Evaluate 3 + 6 + -6 + -5 + 1.
-1
Calculate 4 + -13 - -3 - -7.
1
Calculate 1 + (1 - ((7 - 4) + -2)).
1
(-2 - -3) + -4 - 0
-3
Evaluate -3 + (0 - -3) + -3.
-3
Calculate 5 + 7 + -6 - -4.
10
Evaluate (-2 - 0 - 1) + 1.
-2
Evaluate 8 + 0 + 47 + -47.
8
Evaluate -5 + 5 + 1 + -1 + -2.
-2
What is (-4 - -4 - -6) + -11?
-5
Evaluate -5 + (2 - 1) - -6.
2
(9 - 6 - -4) + -7
0
Calculate 0 + 0 + 0 - 6 - -6.
0
What is 4 + (2 - 3) + -1 + 0?
2
What is -4 + (2 - -1 - 2)?
-3
Evaluate -2 + 3 - (2 + -2).
1
Calculate -13 + 5 + 17 + -4.
5
What is (-4 - (-2 + -1) - -1) + 3?
3
Evaluate 16 - -2 - (21 + -10).
7
What is -12 - (1 - (-3 + 10))?
-6
What is -1 - -7 - (4 + 2 + -2)?
2
(-10 - -5) + 3 + 0
-2
What is the value of (-21 - -20) + 2 + -1?
0
What is 3 + 4 - 3 - -1?
5
Evaluate 14 - ((-3 + -4 - -6) + 7).
8
(5 - -2) + -11 + 0
-4
Evaluate -5 + -3 - (-4 + 1 + 3).
-8
What is the value of -4 + (5 - (-1 + -1))?
3
What is the value of -8 + (5 - -1) + 6?
4
What is the value of -2 - (3 - 5 - (-3 - 1))?
-4
Evaluate 0 - (4 + (-6 + 4 - 3)).
1
Calculate -1 + (-6 - 6 - -6) + 2.
-5
Evaluate -1 + (5 - 11 - -3).
-4
Calculate 2 - (4 + 9 + -4).
-7
Calculate -8 - (-17 - (0 - 7)).
2
What is (-13 - (1 + -8)) + 5 + 1?
0
-5 - (-16 + 14 - (-1 + 0))
-4
Calculate (8 - (7 - 3)) + -1.
3
What is the value of (5 - 2) + -4 + (-8 - -11)?
2
What is (-3 - (5 + -4)) + 7?
3
Evaluate 8 - ((6 - 6) + 5) - 3.
0
3 - ((1 - (-2 - -4)) + 4)
0
Evaluate -4 - (-2 + 0 + 1).
-3
-11 - -3 - (5 + (6 - 12))
-7
(-1 - (-1 - 6)) + -4
2
Evaluate -2 + (-5 - (0 + -5)).
-2
Evaluate 2 + -5 + 2 + 2.
1
What is 1 - (4 + -4 + (-2 - 0))?
3
Evaluate 8 + -2 - 0 - (11 - 8).
3
Calculate 4 + -4 + 0 - 4.
-4
What is the value of (-24 - -7) + 11 + 9 + 0?
3
What is the value of (-10 - (10 - 14)) + 3?
-3
What is the value of 7 + -4 - -1 - 0?
4
Calculate 3 - (-9 + (7 - -5)).
0
What is (-3 + 6 + 1 - 9) + 2?
-3
What is the value of -7 + 4 - ((4 - 10) + -1)?
4
Calculate (-2 - -5) + -9 - -23 - 8.
9
Calculate 5 - (-2 + (-4 + 15 - 2)).
-2
-3 - (-2 - (3 - 4) - 1)
-1
7 - (1 + (4 - -8))
-6
(2 - -4) + (-5 - -1)
2
Evaluate (-2 - (-7 - 0)) + -7.
-2
What is the value of 7 - (13 - (3 + 3))?
0
What is the value of -36 + 45 - (18 - 1)?
-8
What is -1 + -1 + 3 + -3 + -2?
-4
0 - (2 - 2 - -5)
-5
What is 1 - (-6 - (0 + 2 + -10))?
-1
What is (-2 - (-2 - -3)) + 2?
-1
Evaluate 2 + 1 + 2 - (-3 - -5).
3
Calculate 4 - ((-3 - 3) + 3).
7
Calculate -5 + 2 + -3 + (-20 - -20).
-6
Evaluate 3 + -1 - 1 - 3.
-2
Calculate 0 - (-6 + 9 + -3 - 2).
2
What is (5 + 1 - 2) + -3?
1
What is (-13 - -1 - -3) + 4 + 0?
-5
What is the value of (-1 + 8 - (7 - 3)) + -1?
2
What is 1 + -2 + (-27 + 21 - -15)?
8
Evaluate 5 - (3 + -3) - (0 - -5).
0
Evaluate (-138 - -137) + (-2 - (1 - 1)).
-3
(22 - 17) + (-8 - (0 - 2))
-1
Calculate -1 + 4 + (-7 - 0) - -8.
4
-1 + (2 + 1 - 7)
-5
Calculate 3 + -1 - (1 + 1).
0
Evaluate (8 - (0 - -5)) + -4 + -1.
-2
3 + 1 + (2 - 5) + -2
-1
(-1 - -8) + 47 + -59
-5
What is the value of 3 - 4 - (8 + -7)?
-2
What is the value of (0 - 10) + -9 + 16?
-3
Evaluate (4 - (0 - 0)) + -3.
1
Evaluate 1 - (2 + 2 + -1) - 1.
-3
Evaluate (8 - 30) + 8 + 5.
-9
What is the value of (2 - (8 - 8)) + 3?
5
What is -3 + -3 - -3 - (-2 + 7)?
-8
(23 - 21) + (-5 - -1) - 4
-6
What is -9 - (-10 - (-18 - -11))?
-6
What is (-9 - -2) + 6 + 1?
0
Evaluate 4 - (-1 + 3 + -6).
8
What is the value of 4 + (11 + -22 - (-2 - 0))?
-5
(-8 - -8) + (-4 - 1)
-5
-5 + -1 + 20 - 4 - 5
5
-1 + -1 - (-1 - (5 - 5))
-1
What is (-1 - (-15 - -2)) + -15?
-3
Evaluate -3 + (-8 + 6 - -2 - -2).
-1
What is the value of (0 - (-1 + -3)) + -7?
-3
What is (-2 - 2) + 2 + -1?
-3
2 + 2 + -8 + 6 - -3
5
What is 22 + -7 + (-2 - 6)?
7
6 + -8 + -4 + 0 + 6
0
What is the value of -5 - -3 - 0 - (-7 + 1)?
4
What is the value of -4 - (-11 + 6) - 5?
-4
What is (-1 - (-1 + 6)) + (4 - 2)?
-4
What is the value of -3 - (4 + 5 - 12)?
0
What is the value of -501 - -500 - ((1 - 0) + -6)?
4
What is the value of 7 - 3 - (1 + 5)?
-2
Calculate 6 + -1 + 0 + 0.
5
What is 0 + 0 + 2 + -12 + 18?
8
2 + (1 - 7) - 0
-4
What is 0 + (-2 + 8 - 1) + 0?
5
Calculate -17 + 30 - (-3 + 9).
7
Evaluate 4 + 5 + -4 + -9.
-4
Calculate (-8 + 4 + -2 - -4) + 1.
-1
4 + -2 - (-1 - (-1 + -1))
1
Evaluate -7 + 4 + -2 - (24 - 32).
3
What is the value of -14 - -19 - (9 + 1) - -2?
-3
Evaluate 6 - 2 - 1 - 6 - -5.
2
Calculate (0 - 7) + -41 + 42.
-6
What is 24 + -25 - (0 - 10)?
9
What is the value of -7 - ((-12 - (-8 - -1)) + -5)?
3
Calculate (5 + 6 - 3) + -14.
-6
4 + 11 + -7 + -10
-2
-2 + 1 - -4 - (-14 - -17)
0
Evaluate 0 + -2 + (4 - 5) - -3.
0
Calculate -5 - (4 - (5 - -7)).
3
What is -6 - ((9 - 7) + -14)?
6
-4 - 0 - (-13 + 6 + -4)
7
What is the value of 12 + -8 + -4 + 1?
1
3 + -1 + 2 + 0
4
0 + 1 + (-5 - -3) + 1
0
Calculate (-3 - -7) + (-1 - -3) + -1.
5
Calculate 3 + 2 + -8 - 2.
-5
What is (-1 - 0 - -2) + 3?
4
Calculate (-7 - (-4 - (3 - 0))) + -1.
-1
What is the value of 13 + -14 + (6 - 1)?
4
Evaluate (-2 - 2) + 4 + -5.
-5
What is the value of (-4 - -4 - (-2 - -6)) + 0?
-4
What is the value of -11 - (-8 - 1 - (-5 + -1))?
-8
Calculate (1 - (1 - (4 + -3))) + -2.
-1
-11 + 14 + (-8 - (-1 + 0))
-4
4 + -20 + 6 + 4
-6
Calculate (1 - -10 - 5) + -5.
1
Evaluate -4 + 3 + -1 + 4.
2
Evaluate (1 - 2) + -2 + 6 + 2.
5
Calculate 0 - (-7 + 6 - 5).
6
Calculate 20 + -12 + 8 - 10.
6
(5 - 0) + 0 + 2 + -1
6
Evaluate 1 + -3 - (-5 + -3 + 5).
1
Calculate (-2 - -5) + -8 - (-11 + 7).
-1
Evaluate (3 - 0) + 2 - (21 + -17).
1
Calculate -4 + -2 + 1 + (-15 - -17).
-3
7 - 0 - (11 - 9)
5
Calculate 11 - (2 + -3 - (-7 + 1)).
6
Evaluate -1 + ((4 - 0) + -4 - 4).
-5
Calculate (-17 - -17) + (1 - 1) - 4.
-4
Calculate -6 - (-6 - 0 - (-29 + 24)).
-5
-1 + 3 + (6 - (15 + -11))
4
Calculate (-38 - -34) + 5 + (1 - 1).
1
What is the value of 19 + -18 - (9 + -3)?
-5
4 + -6 - (-15 - -18)
-5
Calculate (-8 + 4 - -5) + -2.
-1
Evaluate 26 + -24 + 1 + 3 + -1.
5
Evaluate 2 - 0 - (-11 + 32 + -14).
-5
Calculate -1 + 3 + -10 + 4.
-4
11 - (7 - (5 - (-3 - -5)))
7
-3 - (-6 + (1 - -2)) - 3
-3
Calculate 70 + -72 + (11 - -2).
11
Calculate -6 + 15 + -16 - (-3 - -1).
-5
-20 + 10 + -1 - -5
-6
0 + -4 + (12 - 7)
1
What is 3 + (0 + (-4 - -5) - -1)?
5
What is the value of 1 + 1 + 1 + (-4 - 1)?
-2
2 + 5 - 3 - -1
5
Calculate 0 - -2 - 9 - -1.
-6
13 + (-2 - 5) + -7 + -2
-3
What is 1 + (-1 - 7) + -18 + 16?
-9
What is the value of 8 - (1 + -3 + 17)?
-7
Evaluate (1 - (0 - (3 - 3))) + 4.
5
What is the value of -3 + (0 - (-2 - (-5 + 1)))?
-5
What is the value of 6 - 0 - (-5 + (7 - 0))?
4
10 + -4 - (-5 - -11 - 4)
4
Calculate -4 + 1 - (-1 + -3).
1
Evaluate -1 + 1 - (9 + -13) - 4.
0
What is 12 + 2 + -2 + -6 + 0?
6
What is (-2 - -5) + (-3 - 1 - -6)?
5
What is the value of -6 + -1 + (-14 - -15)?
-6
What is the value of 7 + (4 + -6 - 3 - 6)?
-4
Calculate (-1 - 10) + 14 + -6.
-3
Calculate 4 - -4 - (6 - -1).
1
What is 1 - (3 - (-1 - 0 - -3))?
0
-3 - (-2 + -4 + 5)
-2
What is the value of -9 + 7 + (6 - 1)?
3
Evaluate 2 - (-4 - (-11 + 5 + 0)).
0
Calculate (4 - 10) + 2 + 1.
-3
What is the value of 0 - -6 - (-8 + 14)?
0
Calculate 1 + -2 - (0 + 4).
-5
Evaluate 0 + 2 + (-6 - -